 y a composite number?
True
Let w = 67 + -19. Let z(p) = -51*p + w*p + 2*p**2 + 8 + 39*p**3 - 1 - 2. Is z(2) a composite number?
True
Suppose -3*q + 3*i = -1374330, -i + 6*i - 1374290 = -3*q. Is q a prime number?
False
Let r(c) = 1196*c**2 + c - 2. Let d be r(-1). Let f = 1780 - d. Is f composite?
False
Let u(g) = 0*g**2 + 4*g - 82 + 7*g - g**2 - 2*g + 696*g**3 - 681*g**3. Is u(7) a composite number?
False
Let i(u) = 92*u**2 + 10*u - 1. Suppose -14*b = -18*b + 16. Is i(b) composite?
False
Let n(h) = 10972*h - 11406. Is n(10) prime?
False
Let a(v) = 6*v - 15. Let l be a(3). Let y = 14 + l. Let f(z) = z**2 - 15*z - 11. Is f(y) composite?
False
Let z(o) = 2556*o**3 + 2*o**2 - 4*o + 9. Let q(i) = -i**3 + i**2 - i. Let a(b) = 6*q(b) - z(b). Is a(-2) prime?
True
Let g be (5 - (-1)/(-2)) + 3/(-2). Let m(s) = 4 - 4 + 10 + g - 76*s. Is m(-19) a prime number?
False
Is 31/((-208050)/(-34674) + -6) composite?
True
Suppose -627076 = -b - 36*b. Suppose b - 220361 = -7*f. Is f composite?
False
Let i(g) = -7566*g + 35. Let a be i(-3). Suppose w + 2*v + a = 2*w, v - 68206 = -3*w. Is w prime?
False
Let p be (-1)/((-22)/(-6) + -4). Suppose -3*x = -p*u + 9, 7*x = -3*u + 3*x + 23. Suppose 2*o + 8 = 4*o, 1515 = 5*t - u*o. Is t prime?
True
Let r(f) = -2*f**2 - 24*f + 28. Let p be r(-13). Let y(o) = 252*o**2 - 5*o + 9. Is y(p) a prime number?
False
Let r be (((-12051)/(-27) - 7)/(4/6))/1. Let c = 3508 + -242. Suppose 3*k - c = -r. Is k composite?
True
Let o = -100 + 104. Let j(g) = 6*g**2 - 2 - 19*g - g + 7*g**2 + o*g. Is j(9) composite?
False
Suppose -2*r = k - 6, -k + 11 = 5*r - 4. Suppose -8 = -4*x, -2*a + 3*x + 6 = -k. Suppose -5*m + 10270 = 5*u, 5*m + 2051 = a*m - 2*u. Is m a prime number?
True
Suppose 0 = -w - j + 30727, -5*w - j + 126538 = -27097. Is w prime?
True
Suppose -5*x - 15 = -2*r, 4*x - 2*r + 2 = -10. Is 7/84*x*(1 - 717) a composite number?
False
Let o(p) = 1000*p**2 + 3*p + 14. Let l(j) = j**3 + 5*j**2 - 3*j - 12. Let a be l(-5). Is o(a) prime?
False
Suppose 0 = -50*m + 13754 + 222696. Is m a prime number?
True
Let x = -624583 + 1299452. Is x a prime number?
False
Is (-2)/(-11) + ((-13741164)/(-198) - -13) a prime number?
False
Suppose 0 = -3*f + 3*n + 3, 37 = 2*f - 2*n + 7*n. Suppose -5 = 5*g, l + 9*g - 29218 = f*g. Is l a prime number?
True
Let m = 3 + 1. Suppose 2*x - 2*h - 2628 = 0, 3*x - 34 = -2*h + 3883. Suppose 5*b - x = m*t, -825 = -3*b - t - 26. Is b composite?
True
Suppose 0 = 10*x + 113 + 7. Is 675 - 6*(-4)/x a composite number?
False
Let y = 190 - 171. Suppose y*u = 70225 + 13698. Is u composite?
True
Let l = -1206848 - -2083519. Is l prime?
False
Is 0 + 2995*970/50 composite?
True
Let t be -21*(-7 + (-336)/(-49)). Suppose f - t*g = 931, -7*f = -2*f + 2*g - 4587. Is f composite?
False
Suppose 0 = -2*q - 0*q + 4. Let o(p) = -4 + 12*p**3 - 500*p**2 - p + 498*p**2 + 3. Is o(q) a composite number?
True
Let h = -17937 - -12399. Let i = h + 9715. Is i composite?
False
Let t = -11224 - -54173. Is t a composite number?
True
Let n = 385 + -380. Suppose -2*v + 22350 = 2*s - 0*v, -s + 11187 = -n*v. Is s composite?
False
Let v(u) = -14800*u**3 - 7*u**2 + u + 24. Is v(-2) a composite number?
True
Let l(y) = -298*y**3 - 3*y**2 - 5*y + 11. Is l(-6) a prime number?
True
Suppose w - 5 = 3*u, u = -2*w + 6*u + 9. Suppose -5*t + 17 = 2, -5*k + 2291 = w*t. Is k composite?
False
Suppose -21*u + 59433 = -18*u. Let j = u - 9394. Is j a composite number?
True
Let z(w) = -w**2 - 16*w - 5. Let r be z(-16). Let o be ((-75)/(-17))/r + (-2)/17. Let k(y) = -40*y - 2. Is k(o) a prime number?
False
Let p(t) = 26*t**2 + 16*t - 5. Let l be p(-9). Let b = l + -1284. Is b prime?
True
Let f = 83635 + 74266. Is f a composite number?
False
Let q be 4 - (24/11 + (-12)/66). Let x be q/(-4)*-2*-3. Let v(z) = -211*z + 14. Is v(x) composite?
False
Let n = -103 - -103. Suppose n = 2*k - 927 - 559. Is k composite?
False
Let f(g) = 16731*g**2 + 6*g - 2. Let k(l) = 2*l**2 + 8*l + 7. Let w be k(-3). Is f(w) a prime number?
False
Suppose -60*x = 38*x - 2639752 + 32658. Is x prime?
False
Suppose 0 = -5*j + 20, -c - c - j = -34. Let q be (-5)/c*-8*3. Suppose q*x + 508 - 2644 = 0. Is x composite?
True
Let a be (1460/(-50) - 2/(-10))*-1. Suppose -2*p + 18 = -0*p - 2*w, -5*w = -p + a. Suppose 0 = -5*f + v + 1230, p*f + 3*v - 819 = 184. Is f composite?
True
Let r(f) be the third derivative of 121*f**5/12 + 23*f**4/24 + 77*f**3/6 - 21*f**2. Is r(-4) prime?
False
Let k = -198 - -198. Let v(i) = 2*i + 4153. Is v(k) composite?
False
Let l = 65 - 61. Suppose l*v - 19960 = -6*v. Suppose -2*p + 0*p = -v. Is p a composite number?
True
Let k(n) = 17081*n + 1642. Is k(59) prime?
False
Let r(n) = n**3 + 15*n**2 + 34*n + 7. Let v be r(-12). Let o(i) = 4*i**3 - 76*i**2 + 9*i - 74. Is o(v) a prime number?
False
Suppose 0*u - 96 = -2*u - 4*b, -u - b + 46 = 0. Let n = 39 - u. Is (251/(-4))/(n/20) prime?
True
Let f = -75 - -79. Suppose f*v = 13*v - 23769. Is v composite?
True
Let s(t) = 3533*t - 23. Suppose -284 + 294 = 5*j. Is s(j) composite?
False
Let q be (-134)/603 + (-61)/18*2. Is q + (27 - 4) + 0 + 3 a prime number?
True
Let v(p) = -p**2 - 9*p - 17. Let q be v(-5). Suppose -9212 - 1849 = -q*s. Is s prime?
False
Let l = -18 + 18. Let h be l - -386 - (-4 - -2 - -4). Let b = 757 - h. Is b composite?
False
Suppose -127706 = 63*v - 2172623. Is v composite?
True
Let f be ((-72)/20)/(3/1065). Let b = -8640 - f. Is (b/45)/(6/(-15)) a prime number?
True
Let w = 76 - 42. Is (w/51)/(2/10983) a prime number?
False
Suppose 301983 = 5*i - b, 4*i = -4*b + 161072 + 80500. Suppose i = 35*h - 23*h. Is h prime?
False
Let p(n) = -1048*n**3 + 2*n**2 + 4*n + 19. Is p(-3) a composite number?
True
Let s = -81837 + 148058. Is s prime?
True
Is (49/7 + -8 + 1152683)/2 prime?
True
Let m(k) = -1424*k. Let c be m(-1). Suppose -3603 - c = -11*u. Is u composite?
False
Let c(b) = -7*b**3 - 40*b**2 + 9*b + 19. Let w be (7 - 1) + -9 + -9. Is c(w) a composite number?
False
Let g(m) = 6*m. Let k be g(-12). Let v = -63 - k. Suppose 889 = -2*r + v*r. Is r a composite number?
False
Suppose -4*h = -6*h + 84. Suppose 5*r - 3*w - 30 = 9, 5*r = 4*w + h. Suppose 4*m - r*m = -1594. Is m a composite number?
False
Suppose 2*y - 16 = 4*v, -4*y = v - 0*v - 14. Let w be (-2)/(-3) + (-759)/(-9) + y. Suppose 2107 - w = 2*i. Is i prime?
True
Suppose -1387*p = -1418*p + 2636519. Is p a prime number?
True
Let m be 1*6 - (-18)/(-24)*-4. Suppose -3*k - 3*h = -8*k + 7, 2*h = 2*k - 2. Suppose k*q - m*q = -7707. Is q composite?
True
Suppose 3*a = -6832 + 32215. Is a prime?
True
Suppose 0 = 2*a - 3*x - 882125, 3*a + 664*x - 659*x = 1323254. Is a composite?
False
Let q = 199 + -185. Suppose 26*j - q*j = 33756. Is j prime?
False
Suppose 3*s - 6803 - 8645 = -4*a, -4*a + 15448 = 4*s. Suppose -j = j - a. Is j composite?
False
Let k be (-9)/((-63)/(-28)) + (-579)/(-1). Let n = k + -189. Is n a prime number?
False
Let p(f) = -f - 5. Let r be p(-9). Let o = r + -1. Suppose 3*i = 4*i + 4*c - 435, 0 = -o*i + c + 1253. Is i a composite number?
False
Let s(u) = -6*u + 8. Let k be s(4). Let o be k/(-24)*(-30)/(-4). Is (1/(o/(-1626)))/((-30)/75) a composite number?
True
Let q = 276219 - 142424. Is q a composite number?
True
Is (53/6572*175739)/((-29)/(-28) - 1) a composite number?
True
Suppose -19794978 = -181*i + 55*i. Is i prime?
True
Let x = 81869 - 58068. Is x prime?
True
Suppose 5*m + 2*z - 10 = 0, -3*z - 5 = 5*m - 4*z. Suppose 0*x + 15 = v - 2*x, m = 4*v + 4*x. Suppose 0 = v*b - 5, 4*u + 5*b = 48 + 61. Is u composite?
True
Suppose -9*q + 4*q - 280 = 0. Let v be 1*42/4*q/(-84). Let y(o) = 346*o - 5. Is y(v) a prime number?
True
Let f(n) = 3*n**2 + 6*n + 19. Let w be 162/36*(1 + 1). Let o be f(w). Let q = 1393 - o. Is q a composite number?
True
Let w = -18177 - -3287. Let l = w - -25545. Is l a prime number?
False
Let v(j) = -67*j - 142. Let b be v(7). Let f = 608 - b. Is f a composite number?
True
Let y(h) = h**3 - h**2 - 2*h - 6. Let c = -22 - -14. Let z be y(c). Let f = z + 948. Is f a prime number?
False
Let v be (-255)/425 + 4/(-10). Is 12695/1 - v/3*-18 a composite number?
False
Suppose 0 = -2*d + 4*s + 148, s - 378 = -5*d + 3*s. Let q = d - -831. Is q prime?
True
Suppose -3*j - 2*j = 3*o - 24, 3*o = 4*j - 3. Let k be 5*o/60 + 218/(-8). Is 4266/k*1/(-2) composite?
